a factor of 3660567?
True
Is 29 a factor of 340266106?
True
Does 10 divide 4378052?
False
Is 33 a factor of 121810161?
True
Is 2914586356 a multiple of 44?
True
Is 6 a factor of 359699892?
True
Is 1132589463 a multiple of 211?
False
Does 1573 divide 397898215?
True
Is 15 a factor of 727673340?
True
Does 208 divide 506153024?
True
Is 60099122 a multiple of 86?
True
Is 153460062 a multiple of 2646?
True
Is 260688095 a multiple of 40?
False
Is 80 a factor of 46560440?
False
Is 2679566067 a multiple of 721?
False
Is 336 a factor of 89714838?
False
Is 1223 a factor of 64047307?
False
Does 37 divide 796540958?
True
Does 823 divide 47186097?
False
Is 5091362886 a multiple of 55?
False
Is 34 a factor of 237497272?
False
Is 156 a factor of 308207738?
False
Is 325 a factor of 62903117?
False
Is 96680999 a multiple of 35?
False
Is 93129681 a multiple of 211?
False
Is 38 a factor of 8269826?
True
Does 2 divide 90409595?
False
Is 2992 a factor of 19618544?
True
Is 938 a factor of 31533690?
False
Is 233478519 a multiple of 93?
False
Does 2901 divide 1136780058?
True
Is 1666809632 a multiple of 69?
False
Is 252239440 a multiple of 107?
False
Does 166 divide 380537669?
False
Is 374 a factor of 244058776?
False
Does 3561 divide 3749850513?
True
Is 712141738 a multiple of 15?
False
Is 266 a factor of 60665673?
False
Is 573 a factor of 169662435?
True
Does 126 divide 18019127?
False
Does 29 divide 748513200?
True
Is 108927416 a multiple of 4?
True
Is 24127902 a multiple of 14?
False
Does 95 divide 23294398?
False
Is 402 a factor of 600207306?
True
Is 1164921195 a multiple of 229?
False
Is 74339713 a multiple of 261?
False
Does 945 divide 667464839?
False
Does 12 divide 221823005?
False
Is 9907590 a multiple of 897?
False
Does 12 divide 70168872?
True
Is 79690737 a multiple of 3?
True
Is 23 a factor of 1303847?
True
Does 71 divide 298173517?
True
Does 10 divide 1063995?
False
Does 4416 divide 1558279065?
False
Is 2960617362 a multiple of 23?
True
Is 53495684 a multiple of 893?
False
Is 9385132 a multiple of 599?
True
Is 879 a factor of 310054944?
True
Is 711602282 a multiple of 3416?
False
Is 674 a factor of 17172846?
True
Is 625636754 a multiple of 782?
True
Is 6408464 a multiple of 82?
True
Is 15 a factor of 240971220?
True
Is 1013 a factor of 1417816578?
False
Does 91 divide 12023850?
False
Is 94609978 a multiple of 2734?
False
Is 297 a factor of 9177300?
True
Is 1090644 a multiple of 4?
True
Does 9 divide 24530834?
False
Does 2086 divide 1142833874?
True
Does 13 divide 186237111?
False
Is 713 a factor of 125978087?
False
Does 77 divide 3235856778?
True
Is 2807798094 a multiple of 81?
True
Is 19422492 a multiple of 372?
True
Is 664 a factor of 168213696?
False
Does 52 divide 4378966904?
True
Is 893 a factor of 171881961?
True
Does 2 divide 154456314?
True
Is 1162 a factor of 3322958618?
True
Does 914 divide 38041594?
True
Is 18 a factor of 97071146?
False
Is 220264950 a multiple of 1601?
False
Is 100544097 a multiple of 10?
False
Does 5642 divide 658524218?
False
Is 1361 a factor of 862697070?
True
Is 1221485748 a multiple of 4027?
True
Is 15 a factor of 4354679115?
True
Does 1729 divide 65266385?
False
Is 1870 a factor of 6591261?
False
Is 1428628312 a multiple of 5732?
False
Does 1808 divide 606625584?
True
Is 278757612 a multiple of 267?
True
Is 575 a factor of 7262825?
True
Is 124 a factor of 1957318?
False
Is 552 a factor of 6865378?
False
Is 18425705 a multiple of 821?
False
Is 20595331 a multiple of 97?
True
Is 18057138 a multiple of 82?
True
Is 686 a factor of 6248088?
True
Is 76302744 a multiple of 3466?
False
Is 115 a factor of 30542719?
False
Does 916 divide 100174676?
True
Is 85128604 a multiple of 449?
True
Does 803 divide 62104267?
False
Is 13 a factor of 85783295?
True
Does 59 divide 398163152?
True
Is 545 a factor of 143390590?
True
Is 296 a factor of 8360224?
True
Does 7 divide 3217984665?
True
Does 274 divide 23521771?
False
Is 270 a factor of 916275780?
True
Is 61 a factor of 11905139?
False
Is 13148959 a multiple of 12?
False
Does 2505 divide 162269326?
False
Is 268094747 even?
False
Does 134 divide 828254?
True
Is 75444269 a multiple of 9?
False
Is 276916946 a multiple of 20?
False
Is 16 a factor of 1591285632?
True
Is 14 a factor of 965215258?
True
Does 11 divide 120017491?
True
Is 1146066586 a multiple of 98?
True
Is 1604496230 a multiple of 2851?
False
Does 788 divide 8413476?
True
Does 39 divide 3041869857?
True
Does 536 divide 154088115?
False
Is 279857504 a multiple of 32?
True
Is 2744 a factor of 58159080?
True
Is 390 a factor of 13118430?
True
Is 66772128 a multiple of 46?
True
Is 204 a factor of 423821478?
False
Is 589509451 a multiple of 4355?
False
Is 43736892 a multiple of 214?
True
Is 5240 a factor of 273198130?
False
Is 20 a factor of 24959940?
True
Does 218 divide 13245244?
True
Is 9 a factor of 957698424?
True
Does 599 divide 251582396?
True
Is 786 a factor of 20762976?
True
Is 7341949 a multiple of 473?
False
Is 281 a factor of 150830046?
False
Is 22182656 a multiple of 292?
True
Is 80 a factor of 10199440?
True
Does 4628 divide 1074690038?
False
Is 100986704 a multiple of 301?
True
Is 14943012 a multiple of 6?
True
Is 264 a factor of 23718552?
True
Is 949836 a multiple of 12?
True
Is 4478 a factor of 410605732?
True
Does 39 divide 3202602?
True
Is 63927157 a multiple of 37?
True
Is 1153 a factor of 601483533?
False
Is 499104056 a multiple of 1962?
False
Is 697407284 a multiple of 1484?
True
Does 487 divide 1237954?
True
Is 62 a factor of 106990548?
True
Is 53 a factor of 20517011?
False
Is 485 a factor of 2412460475?
False
Is 178 a factor of 165721204?
True
Does 84 divide 18107040?
True
Does 2417 divide 69210795?
True
Does 56 divide 4129382600?
True
Is 35990680 a multiple of 10?
True
Is 115 a factor of 48902255?
True
Does 66 divide 711396708?
True
Is 42 a factor of 17056708?
False
Does 2090 divide 50598298?
False
Is 29341965 a multiple of 158?
False
Is 698 a factor of 16664750?
True
Is 74228494 a multiple of 17?
True
Does 15 divide 95492025?
True
Does 62 divide 1302405356?
True
Is 167556117 a multiple of 57?
True
Is 16 a factor of 58232863?
False
Is 315636205 a multiple of 109?
True
Is 3951 a factor of 180969056?
False
Is 9 a factor of 8031600?
True
Does 248 divide 924491090?
False
Is 1366 a factor of 66052930?
True
Does 1158 divide 54768768?
True
Does 201 divide 1020840549?
False
Is 3325 a factor of 129684975?
True
Is 973 a factor of 30408028?
False
Is 4018603 a multiple of 105?
False
Does 4053 divide 463369660?
False
Is 34 a factor of 264272090?
False
Is 11287 a factor of 670002060?
False
Is 2434156397 a multiple of 133?
False
Is 106 a factor of 72938494?
True
Is 63 a factor of 242189199?
True
Does 3215 divide 497878571?
False
Does 68 divide 125387791?
False
Does 309 divide 190564626?
True
Is 17293570 a multiple of 406?
True
Is 62225928 a multiple of 72?
True
Is 591207050 a multiple of 5075?
True
Does 11 divide 328656042?
True
Is 296502899 a multiple of 145?
False
Does 60 divide 69501220?
False
Is 34202924 a multiple of 544?
False
Is 13 a factor of 68406299?
True
Is 1734 a factor of 105915506?
False
Is 108419456 a multiple of 347?
True
Is 617919412 a multiple of 1331?
True
Is 33743632 a multiple of 3?
False
Does 74 divide 1343197674?
False
Is 283625703 a multiple of 9?
True
Does 3657 divide 84169512?
True
Is 243991506 a multiple of 22?
True
Does 2 divide 9052269?
False
Is 638 a factor of 18132872?
False
Is 133 a factor of 1037244789?
True
Does 46 divide 896065431?
False
Does 1010 divide 2892311?
False
Does 1423 divide 105847573?
False
Does 2060 divide 135251360?
True
Is 3093 a factor of 627512836?
False
Is 12 a factor of 212208417?
False
Is 3437910 a multiple of 3?
True
Is 881710063 a multiple of 31?
False
Does 36 divide 62319683?
False
Does 3 divide 134863040?
False
Is 33 a factor of 1735810626?
True
Does 10 divide 63276890?
True
Does 4215 divide 909807750?
True
Is 92667003 a multiple of 4719?
True
Does 288 divide 3192885792?
True
Is 562 a factor of 21801666?
True
Is 5602862037 a multiple of 3385?
False
Is 90077059 a multiple of 12?
False
Is 2110706678 a multiple of 86?
False
Does 766 divide 1617209724?
False
Is 11 a factor of 37489639?
True
Is 50634672 a multiple of 48?
True
Is 41825898 a multiple of 84?
False
Do